emainder when 362568276 is divided by 1415?
1411
Calculate the remainder when 68977 is divided by 13778.
87
What is the remainder when 225535 is divided by 189?
58
What is the remainder when 53739 is divided by 7634?
301
Calculate the remainder when 504767 is divided by 729.
299
Calculate the remainder when 830840913 is divided by 12.
9
Calculate the remainder when 260104 is divided by 5811.
4420
What is the remainder when 11491428 is divided by 10882?
36
What is the remainder when 996472 is divided by 501?
484
Calculate the remainder when 82647 is divided by 4779.
1404
Calculate the remainder when 63364 is divided by 10492.
412
Calculate the remainder when 3330724 is divided by 15.
4
Calculate the remainder when 489333 is divided by 1042.
635
What is the remainder when 3368509 is divided by 1684248?
13
What is the remainder when 3587430 is divided by 1195808?
6
What is the remainder when 187212 is divided by 6478?
5828
Calculate the remainder when 8290209 is divided by 318854.
5
Calculate the remainder when 274572003 is divided by 34321500.
3
What is the remainder when 3184031 is divided by 1591942?
147
Calculate the remainder when 76651688 is divided by 76651666.
22
Calculate the remainder when 276553 is divided by 3213.
235
Calculate the remainder when 18456467 is divided by 297.
293
What is the remainder when 35195 is divided by 2146?
859
What is the remainder when 5400607 is divided by 317682?
13
Calculate the remainder when 1319113 is divided by 167.
147
Calculate the remainder when 2879168 is divided by 261737.
61
What is the remainder when 305452 is divided by 20?
12
What is the remainder when 4613724 is divided by 2306857?
10
Calculate the remainder when 408 is divided by 75.
33
Calculate the remainder when 2724429 is divided by 807.
804
Calculate the remainder when 1235899 is divided by 270.
109
Calculate the remainder when 1719562 is divided by 1719549.
13
What is the remainder when 450003 is divided by 62?
7
What is the remainder when 2195530 is divided by 5?
0
What is the remainder when 210764 is divided by 12394?
66
What is the remainder when 18212065 is divided by 1508?
1457
What is the remainder when 61834987 is divided by 684?
19
What is the remainder when 5890400 is divided by 310021?
1
What is the remainder when 6543500 is divided by 2754?
2750
What is the remainder when 697588 is divided by 1068?
184
Calculate the remainder when 230549754 is divided by 2199.
2196
Calculate the remainder when 68938627 is divided by 1603.
9
What is the remainder when 1948215 is divided by 158?
75
Calculate the remainder when 15143442 is divided by 688338.
6
Calculate the remainder when 7658 is divided by 6629.
1029
Calculate the remainder when 1170611 is divided by 7453.
490
What is the remainder when 123687944 is divided by 59?
49
What is the remainder when 229827 is divided by 45851?
572
Calculate the remainder when 2453 is divided by 686.
395
Calculate the remainder when 638540 is divided by 319156.
228
What is the remainder when 19438485 is divided by 2041?
1
What is the remainder when 976117 is divided by 42?
37
What is the remainder when 4397073 is divided by 579?
147
What is the remainder when 330227328 is divided by 27518944?
0
What is the remainder when 2101620 is divided by 27?
21
Calculate the remainder when 34075 is divided by 8478.
163
Calculate the remainder when 62416 is divided by 856.
784
What is the remainder when 21287527 is divided by 110?
107
Calculate the remainder when 440072 is divided by 668.
528
What is the remainder when 47411 is divided by 45954?
1457
What is the remainder when 3086673 is divided by 11?
7
Calculate the remainder when 1522332 is divided by 1659.
1029
What is the remainder when 15155279 is divided by 124?
123
Calculate the remainder when 1474770 is divided by 52.
50
Calculate the remainder when 8587696 is divided by 2053.
2050
Calculate the remainder when 11231 is divided by 4011.
3209
What is the remainder when 573753 is divided by 117?
102
Calculate the remainder when 52166 is divided by 52082.
84
What is the remainder when 53715307 is divided by 1220802?
19
What is the remainder when 319105 is divided by 679?
654
Calculate the remainder when 101905 is divided by 374.
177
Calculate the remainder when 2233016 is divided by 47.
46
What is the remainder when 71428481 is divided by 23809489?
14
Calculate the remainder when 5079487 is divided by 41978.
149
Calculate the remainder when 179700646 is divided by 92.
82
Calculate the remainder when 5963361 is divided by 38723.
19
Calculate the remainder when 613474 is divided by 306727.
20
Calculate the remainder when 24738372 is divided by 84.
36
Calculate the remainder when 1068153 is divided by 1068130.
23
What is the remainder when 4562937 is divided by 36?
9
What is the remainder when 110770 is divided by 99?
88
Calculate the remainder when 1220653 is divided by 107.
104
What is the remainder when 57965 is divided by 269?
130
Calculate the remainder when 22609711 is divided by 179442.
19
What is the remainder when 2011777 is divided by 10478?
1
Calculate the remainder when 4248681 is divided by 89.
88
What is the remainder when 37188833 is divided by 2187578?
7
Calculate the remainder when 880025 is divided by 265.
225
What is the remainder when 33538275 is divided by 172?
167
What is the remainder when 37974 is divided by 12613?
135
Calculate the remainder when 4947450 is divided by 2430.
2400
Calculate the remainder when 62536067 is divided by 4090.
4057
What is the remainder when 726931 is divided by 1004?
35
What is the remainder when 2386561 is divided by 3729?
1
What is the remainder when 129187111 is divided by 69?
67
What is the remainder when 240979 is divided by 19915?
1999
What is the remainder when 195766471 is divided by 11?
10
Calculate the remainder when 57192 is divided by 4390.
122
What is the remainder when 2632067 is divided by 25?
17
What is the remainder when 35434263 is divided by 30234?
15
What is the remainder when 133536 is divided by 6352?
144
What is the remainder when 1794183 is divided by 1869?
1812
What is the remainder when 229180578 is divided by 316?
314
What is the remainder when 144716232 is divided by 38?
34
What is the remainder when 8898774 is divided by 875?
24
Calculate the remainder when 1535332 is divided by 76739.
552
What is the remainder when 2524808 is divided by 624?
104
Calculate the remainder when 67293 is divided by 4612.
2725
Calculate the remainder when 54191 is divided by 16597.
4400
What is the remainder when 92542 is divided by 4776?
1798
What is the remainder when 133926 is divided by 31671?
7242
What is the remainder when 402500 is divided by 18740?
8960
Calculate the remainder when 639982 is divided by 213194.
400
What is the remainder when 87213 is divided by 14455?
483
What is the remainder when 2965872 is divided by 174462?
18
Calculate the remainder when 6402 is divided by 4401.
2001
Calculate the remainder when 212473 is divided by 42480.
73
Calculate the remainder when 75926 is divided by 8394.
380
What is the remainder when 303903313 is divided by 41?
38
What is the remainder when 1437215 is divided by 3138?
11
Calculate the remainder when 538395 is divided by 262.
247
Calculate the remainder when 15765890 is divided by 394147.
10
Calculate the remainder when 28965349 is divided by 82.
79
What is the remainder when 55274398 is divided by 72?
70
Calculate the remainder when 9665760 is divided by 2089.
2046
Calculate the remainder when 3919760 is divided by 206.
198
What is the remainder when 28204884 is divided by 766?
764
Calculate the remainder when 339705 is divided by 1941.
30
Calculate the remainder when 478423 is divided by 2108.
2015
Calculate the remainder when 899327 is divided by 997.
33
Calculate the remainder when 165537 is divided by 7524.
9
What is the remainder when 2886914 is divided by 5?
4
What is the remainder when 644399 is divided by 1083?
14
What is the remainder when 8063728 is divided by 1606?
2
What is the remainder when 2591243 is divided by 647729?
327
What is the remainder when 78548 is divided by 1136?
164
Calculate the remainder when 39895 is divided by 1243.
119
What is the remainder when 1825378 is divided by 365021?
273
What is the remainder when 39274 